ppose q + 17 = 2*h + w, 0 = 3*h + 5*q - 41. List the prime factors of h.
7
Let g = 760 - -119. List the prime factors of g.
3, 293
Let u = 441 + -143. What are the prime factors of u?
2, 149
Let u be 25 - (1 + 36/(-6)). Let y = u + 211. What are the prime factors of y?
241
Let s = -23 + -130. Let m = 307 + s. List the prime factors of m.
2, 7, 11
What are the prime factors of 2/(2*12/4)*1329?
443
Let h(n) = -n**3 + 5*n**2 - 4*n + 10. Let b(w) = -w**3 + 6*w**2 - 5*w + 11. Let i(d) = -6*b(d) + 7*h(d). What are the prime factors of i(-4)?
2, 11
Suppose 0*u + 5*u - 142 = a, -5*u + 138 = a. Let h = -6 + u. What are the prime factors of h?
2, 11
What are the prime factors of -2127*((-16)/3 - (-8 + 3))?
709
Let j(h) = 305*h + 717. What are the prime factors of j(10)?
3767
Let l be (-1434)/12 - 9/6. Let v = -73 - l. Let x = v - 34. What are the prime factors of x?
2, 7
Let t(z) = -148*z + 35. What are the prime factors of t(-2)?
331
Suppose 3 = -3*v, 98*v = 5*w + 97*v - 3476. What are the prime factors of w?
5, 139
Let f(a) = -a**3 + 2*a**2 + 4*a + 1. Let l be f(3). Suppose 0*o - l*o + 196 = 0. What are the prime factors of o?
7
Let p(w) = -56*w - 24. What are the prime factors of p(-5)?
2
Suppose -610*l + 606*l + 7424 = 0. What are the prime factors of l?
2, 29
Let i = -36 - -67. Suppose -5*f - 94 = i. List the prime factors of (2 - 2) + 1 - f.
2, 13
Let p(m) = -m**2 + 50*m - 266. What are the prime factors of p(29)?
7
Let y(r) = -r**3 - 8*r**2 - 2*r - 10. Let d be y(-8). Let k = -3 + d. Suppose k*f - x - 92 = 0, -7 = 2*x - 3. What are the prime factors of f?
2, 3, 5
Let n(d) = -d**3 + d**2 - 8*d + 243. What are the prime factors of n(0)?
3
What are the prime factors of ((-2)/4)/((-4155)/(-2078) + -2)?
1039
Let r = 484 + -15. List the prime factors of r.
7, 67
Let n(w) = 698*w**2 + 75*w + 219. What are the prime factors of n(-3)?
2, 3, 523
Let x(g) = 4*g**3 + g**2 - g + 1. Let c be x(1). Suppose -3*n = -5*d + 140, c*n = -5*d + 28 + 72. What are the prime factors of d?
5
Suppose 0 = -21*q + 27*q - 7104. List the prime factors of q.
2, 37
Let t = 1597 + -1087. What are the prime factors of t?
2, 3, 5, 17
Let y(f) = -f**2 + f + 12. Let a = -27 - -18. Let j(l) = l**3 + 8*l**2 - 8*l + 9. Let m be j(a). List the prime factors of y(m).
2, 3
Let i(w) = -7*w + 4. Let r be i(3). Let p(n) = n**3 + 16*n**2 - 21*n - 4. What are the prime factors of p(r)?
2
Suppose -3*f + 1028 = -2*b - 7305, b + 11114 = 4*f. List the prime factors of f.
7, 397
Let x(k) = 2*k**2 + 32*k + 54. List the prime factors of x(-26).
2, 7, 41
Let r = 2477 - 1668. List the prime factors of r.
809
Let r(l) = -l**2 + 5*l. Let h be r(9). Suppose -4*m - 10 = -2. Let k = m - h. List the prime factors of k.
2, 17
Let u(v) = -3*v + 3. Let c(t) = t**2 - 7*t + 6. Let y(p) = 2*c(p) - 5*u(p). Let r be y(-6). Suppose l = -2*l + r. List the prime factors of l.
3, 7
Let d(p) = 74*p**2 - 11*p + 21. List the prime factors of d(2).
5, 59
Suppose -v - 8*l = -13*l - 3253, 0 = -l - 4. What are the prime factors of v?
53, 61
Suppose c = -4*c - 15. Let q = -256 - -285. Let m = q + c. List the prime factors of m.
2, 13
Let a be (22/(-55))/(2/(-30)). Suppose 0*c - a*c + 12 = 0. Suppose -294 = -0*l - 4*l - c*d, 3*d + 198 = 3*l. List the prime factors of l.
71
Let w = -63 - -336. List the prime factors of w.
3, 7, 13
Suppose 0 = -3*c + 5*q + 1345, -3*q + 415 + 507 = 2*c. What are the prime factors of c?
5, 7, 13
Suppose -4*s + 5*s - 16 = -4*j, 0 = -j + s + 4. Suppose -6 = -4*r - 2*f, -r - j*f - 8 - 1 = 0. Suppose -b - 84 = -r*b. What are the prime factors of b?
2, 3, 7
Suppose 4*h + 2841 - 10741 = 0. Suppose 0 = 4*w + 3*s - 999, -5*w - 718 + h = s. What are the prime factors of w?
2, 3, 7
Let p = -22 + 84. Let o = -42 + p. Suppose j = -j + o. List the prime factors of j.
2, 5
Let i = 33 + -42. Let o(t) = -5*t - 24. List the prime factors of o(i).
3, 7
Let r(d) be the second derivative of -d**3/3 + 5*d**2/2 + d. Let v(k) = -k**3 + 17*k**2 - 14*k - 32. Let s be v(16). List the prime factors of r(s).
5
Suppose w - 31 = -3. Suppose -5*m = -3*n + 2, 2 = 3*m - 5*n + 4*n. Suppose -3*s + 42 = -u - w, -m*s = 2*u - 44. What are the prime factors of s?
23
Let z be 58/18 + 20/(-90). Suppose -r - 2*s = -1, 2*r - 4*s - z = 7. Suppose 5*d + 164 = 4*o, 172 = r*o + 2*o + 2*d. What are the prime factors of o?
2, 3
Let i = 1906 + 105. What are the prime factors of i?
2011
Suppose -u + 5 = 1. Suppose -x = u*x. Suppose 2*z - 62 = -4*d, -d + 3*z + 15 + 18 = x. What are the prime factors of d?
2, 3
Let d = 12 - 9. Suppose c - 7 = -d*u, u + 2*u - 2*c = 4. Suppose 2 = g - u*x, -3*g + 8 + 9 = 5*x. List the prime factors of g.
2
Let v be -4 - 3*(-3)/(-3). Let k = -5 - v. Suppose -l - f + 18 = 0, 0*l = -k*l + f + 48. List the prime factors of l.
2, 11
Let r(o) = 30*o + 1. Suppose 0 = -5*g + 4*v - 28, 0*v = -5*v + 10. Let t be r(g). Let a = -80 - t. List the prime factors of a.
3, 13
Suppose -5*u - 5*q + 51 = -8*u, -21 = 2*u + q. Let y be 1/(-3) - (-92)/u. List the prime factors of (y - -6)*-3*1.
2, 3
Suppose 0 = -h + 22*h - 8190. List the prime factors of h.
2, 3, 5, 13
Suppose -15 = 5*b - 8*b. Suppose -4*t + x - b*x = -300, 0 = t + 4*x - 66. List the prime factors of t.
2, 3, 13
Suppose -3*m - 3*w + w = -155, -w - 101 = -2*m. Let a = m + -30. What are the prime factors of a?
3, 7
Let s = -11 + 5. Let t be -5 - (-2 - 1)/((-111)/(-962)). Let g = t - s. List the prime factors of g.
3
Suppose 0 = -4*h - 19 - 41. Let r = -15 - h. Suppose m + 14 = -4*q, -3*m - 2*q - q - 6 = r. What are the prime factors of m?
2
Suppose -9709 = -4*a - 69. List the prime factors of a.
2, 5, 241
Suppose 0 = 5*o + 3*d - 30, 3*o - 2*d - 30 = -2*o. Suppose -18 = 3*p - o*p. What are the prime factors of p?
2, 3
Let n = -102 - -101. List the prime factors of 115/(-4 - -5) - (n - 0).
2, 29
Suppose -8*q + 10*q + 4*p = 8056, 0 = 5*p + 10. List the prime factors of q.
2, 3, 7
Suppose y - 375 - 501 = 0. What are the prime factors of y?
2, 3, 73
Let q(p) = 2*p + 2. Let i be q(-8). Let n be 4/(-7) - 36/i. Suppose 0*u + 100 = n*u - d, 0 = -2*u + 4*d + 88. What are the prime factors of u?
2, 13
Let c = 2250 + -1302. What are the prime factors of c?
2, 3, 79
Let x(a) = 9*a**2 + 157*a - 59. List the prime factors of x(-28).
3, 17
Let n(d) be the second derivative of -d**4/12 - 3*d**3/2 + 3*d. Let j(k) = k**3 - k**2 - 6*k + 3. Let m be j(2). What are the prime factors of n(m)?
2, 5
Let z = -11 + 8. Let v(b) = -54*b. Let w be v(z). Suppose 270 = 5*h - i, w = 4*h - h - 4*i. List the prime factors of h.
2, 3
Let a(c) = 31*c**2 - 9*c + 58. List the prime factors of a(5).
2, 197
Let i(p) = 3*p + 39. Let j be i(19). Suppose -42*u + j = -38*u. List the prime factors of u.
2, 3
Suppose -14*k + 63762 = 4192. List the prime factors of k.
5, 23, 37
Let h(y) = -y**2 + 18*y - 15. Let d be h(15). Let g = 52 - d. What are the prime factors of g?
2, 11
Let h = 241 + -172. What are the prime factors of h?
3, 23
Suppose -q + 126 = -0*q + 3*s, -5*q + 4*s + 611 = 0. Let v be (q/(-3) - 4)*-9. Suppose 4*w + 4*i = 3*i + 325, -5*w - i + v = 0. List the prime factors of w.
2, 5
Let z(p) = -p + 13. Suppose 4*a = -78 + 30. What are the prime factors of z(a)?
5
Suppose 202 = -4*n - 2*k, 3*n + 251 = -2*n - 4*k. Let l = n + 91. What are the prime factors of l?
2, 5
Suppose 64*c - 69*c = -205. Suppose d = 4*q - 22, -2*d + 5*d + 26 = 4*q. Suppose q*y - 114 = c. List the prime factors of y.
31
Let d = -223 + 385. Let f = 245 - d. What are the prime factors of f?
83
Let k = 518 + -346. What are the prime factors of k?
2, 43
Suppose 41 + 7 = -2*y. Let k be ((-16)/y)/((-1)/(-3)). List the prime factors of k/5 - (-1572)/20.
79
Let m be 2 + (-2)/(-2)*-2. Let p = 2 - m. Suppose -p*u + 5*u = 51. What are the prime factors of u?
17
Let t(b) = 16*b - 2. Suppose -m - 2 = 2*o + 3, o - 2*m + 15 = 0. Let z(c) = c**3 + 6*c**2 + 5*c + 2. Let x be z(o). What are the prime factors of t(x)?
2, 3, 5
Let q(z) = z + 13. Let h be q(-11). Suppose h*f - 23 = -9. List the prime factors of f.
7
Let q = 820 - 209. What are the prime factors of q?
13, 47
Suppose -5*s - 2 = -82. Let o(m) = m**2 - m + 1. Let u be o(2). Suppose -u*x + x = -s. What are the prime factors of x?
2
Let u = 499 + -238. Let x = u - 117. Suppose -2*r + 10 + x = 0. Wha